{"id":2032,"date":"2023-03-26T00:01:09","date_gmt":"2023-03-26T03:01:09","guid":{"rendered":"https:\/\/tribunadapraia.com.br\/?page_id=2032"},"modified":"2023-03-25T23:43:24","modified_gmt":"2023-03-26T02:43:24","slug":"a-radio-que-toca-o-seu-coracao","status":"publish","type":"page","link":"https:\/\/tribunadapraia.com.br\/?page_id=2032","title":{"rendered":"Programa\u00e7\u00e3o"},"content":{"rendered":"<p><em>Confira a Programa\u00e7\u00e3o Semanal aqui na web r\u00e1dio TRIBUNA DA PRAIA h\u00e1 40 wnos uma trincheira em defesa da sociedade.Para ouvir Ckique <a href=\"http:\/\/l.radios.com.br\/r\/162750\"><strong>AQUI<\/strong><\/a> ou no PLAY do rodap\u00e9:<\/em><\/p>\n<p style=\"text-align: center;\"><a href=\"http:\/\/l.radios.com.br\/r\/162750\"><img loading=\"lazy\" class=\"alignnone size-medium wp-image-6222\" src=\"https:\/\/tribunadapraia.com.br\/wp-content\/uploads\/2023\/03\/3e77838985850fba33bf6d64e46a4306-2-300x117.png\" alt=\"\" width=\"300\" height=\"117\" srcset=\"https:\/\/tribunadapraia.com.br\/wp-content\/uploads\/2023\/03\/3e77838985850fba33bf6d64e46a4306-2-300x117.png 300w, https:\/\/tribunadapraia.com.br\/wp-content\/uploads\/2023\/03\/3e77838985850fba33bf6d64e46a4306-2-768x300.png 768w, https:\/\/tribunadapraia.com.br\/wp-content\/uploads\/2023\/03\/3e77838985850fba33bf6d64e46a4306-2.png 1015w\" sizes=\"(max-width: 300px) 100vw, 300px\" \/><\/a><\/p>\n<p><span style=\"color: #ff6600;\"><strong>DONINGO<\/strong><\/span><\/p>\n<p>00;00 &#8211; Fim de Semana<br \/>\n07:00 &#8211; Show das Praias<br \/>\n09:00 &#8211; R\u00c1DIO PORTON, com Carlos Pronzato<br \/>\n10:00 &#8211; R\u00e1dio Novela<br \/>\n12:00 &#8211; Cantos &amp; Cantorias<br \/>\n14:00 &#8211; Ax\u00e9, etc e tal<br \/>\n17:00 &#8211; Papo de Musica<br \/>\n19:00 &#8211; Reggae\/SE<br \/>\n20:00 &#8211; Domingo \u00e9 Dia de Cl\u00e1ssico<br \/>\n22:00 &#8211; Templo do Rock<\/p>\n<p><span style=\"color: #000000;\"><strong>SEGUNDA<\/strong><\/span><\/p>\n<p>00:00 &#8211; Madrugada Love<br \/>\n04:00 &#8211; Manh\u00e3 Nordestina<br \/>\n07:00 &#8211; A VOZ DO POVO [Reprise]<br \/>\n08:00 &#8211; Show da Manh\u00e3<br \/>\n10:00 &#8211; Sess\u00e3o das Dez<br \/>\n11:00 &#8211; Faixa Livre<br \/>\n12:00 &#8211; Jornal do Brasil [PodCast\/MaxCast]<br \/>\n12:15 &#8211; Canta\/SE<br \/>\n14:00 &#8211; Aquarela Sergipana<br \/>\n17:00 &#8211; Super Tarde<br \/>\n18:00 &#8211; BEM VIVER, com Nara Lacerda [Brasil de Fato]<br \/>\n19:00 &#8211; A VOZ DO POVO, com ClaudOmir Herzog<br \/>\n20;00 &#8211; CANAL DOS ESPORTES, com A\u00e9rcio Eug\u00eanio<br \/>\n21:00 &#8211; Show da Noite<br \/>\n22:00 &#8211; Love Hit&#8217;s<\/p>\n<p><strong>TER\u00c7A<\/strong><\/p>\n<p>00:00 &#8211; Madrugada Love<br \/>\n04:00 &#8211; Manh\u00e3 Nordestina<br \/>\n07:00 &#8211; A VOZ DO POVO [Reprise]<br \/>\n08:00 &#8211; Show da Manh\u00e3<br \/>\n10:00 &#8211; Sess\u00e3o das Dez<br \/>\n11:00 &#8211; Faixa Livre<br \/>\n12:00 &#8211; Jornal do Brasil [PodCast\/MaxCast]<br \/>\n12:15 &#8211; Canta\/SE<br \/>\n14:00 &#8211; Aquarela Brasileira<br \/>\n17:00 &#8211; Super Tarde<br \/>\n18:00 &#8211; BEM VIVER, com Nara Lacerda [Brasil de Fato]<br \/>\n19:00 &#8211; A VOZ DO POVO, com ClaudOmir Herzog<br \/>\n20;00 &#8211; CANAL DOS ESPORTES, com A\u00e9rcio Eug\u00eanio<br \/>\n21:00 &#8211; Show da Noite<br \/>\n22:00 &#8211; Super Special<\/p>\n<p><strong>QUARTA<\/strong><\/p>\n<p>00:00 &#8211; Madrugada Love<br \/>\n04:00 &#8211; Manh\u00e3 Nordestina<br \/>\n07:00 &#8211; A VOZ DO POVO [Reprise]<br \/>\n08:00 &#8211; Show da Manh\u00e3<br \/>\n10:00 &#8211; Sess\u00e3o das Dez<br \/>\n11:00 &#8211; Faixa Livre<br \/>\n12:00 &#8211; Jornal do Brasil [PodCast\/MaxCast]<br \/>\n12:15 &#8211; Canta\/SE<br \/>\n14:00 &#8211; Aquarela Sergipana<br \/>\n17:00 &#8211; Super Tarde<br \/>\n18:00 &#8211; BEM VIVER, com Nara Lacerda [Brasil de Fato]<br \/>\n19:00 &#8211; A VOZ DO POVO, com ClaudOmir Herzog<br \/>\n20:00 &#8211; Cidade em Debate<br \/>\n21:00 &#8211; Show da Noite<br \/>\n22:00 &#8211; Love Hit&#8217;s<\/p>\n<p><strong>QUINTA<\/strong><\/p>\n<p>00:00 &#8211; Madrugada Love<br \/>\n04:00 &#8211; Manh\u00e3 Nordestina<br \/>\n07:00 &#8211; A VOZ DO POVO [Reprise]<br \/>\n08:00 &#8211; Show da Manh\u00e3<br \/>\n10:00 &#8211; Sess\u00e3o das Dez<br \/>\n11:00 &#8211; Faixa Livre<br \/>\n12:00 &#8211; Jornal do Brasil [PodCast\/MaxCast]<br \/>\n12:15 &#8211; Canta\/SE<br \/>\n14:00 &#8211; Aquarela Brasileira<br \/>\n17:00 &#8211; Super Tarde<br \/>\n18:00 &#8211; BEM VIVER, com Nara Lacerda [Brasil de Fato]<br \/>\n19:00 &#8211; A VOZ DO POVO, com ClaudOmir Herzog<br \/>\n20;00 &#8211; CANAL DOS ESPORTES, com A\u00e9rcio Eug\u00eanio<br \/>\n21:00 &#8211; Show da Noite<br \/>\n22:00 &#8211; LUAU DO NEL, com Nenel Teles<\/p>\n<p><strong>SEXTA<\/strong><\/p>\n<p>00:00 &#8211; Madrugada Love<br \/>\n04:00 &#8211; Manh\u00e3 Nordestina<br \/>\n07:00 &#8211; A VOZ DO POVO [Reprise]<br \/>\n08:00 &#8211; Show da Manh\u00e3<br \/>\n10:00 &#8211; Sess\u00e3o das Dez<br \/>\n11:00 &#8211; Faixa Livre<br \/>\n12:00 &#8211; Jornal do Brasil [PodCast\/MaxCast]<br \/>\n12:15 &#8211; Canta\/SE<br \/>\n14:00 &#8211; Aquarela Sergipana<br \/>\n17:00 &#8211; Super Tarde<br \/>\n18:00 &#8211; BEM VIVER, com Nara Lacerda [Brasil de Fato]<br \/>\n19:00 &#8211; A VOZ DO POVO, com ClaudOmir Herzog<br \/>\n20;00 &#8211; Sexta B\u00e1sica<br \/>\n21:00 &#8211; Show da Noite<br \/>\n22:00 &#8211; Love Hit&#8217;s<\/p>\n<p><span style=\"color: #ff6600;\"><strong>S\u00c1BADO<\/strong><\/span><\/p>\n<p>00;00 &#8211; Fim de Semana<br \/>\n07:00 &#8211; A Hora da Not\u00edcia [R\u00e1dio Cidade]<br \/>\n09:00 &#8211; Historietas<br \/>\n10:00 &#8211; R\u00e1dio Novela<br \/>\n12:00 &#8211; Cantos &amp; Cantorias<br \/>\n14:00 &#8211; Ax\u00e9, etc e tal<br \/>\n17:00 &#8211; Papo de Musica<br \/>\n19:00 &#8211; Reggae\/SE<br \/>\n20:00 &#8211; Os Embalos de S\u00e1bado \u00e0 Noite<br \/>\n22:00 &#8211; Templo do Rock<\/p>\n<p style=\"text-align: center;\"><a href=\"http:\/\/l.radios.com.br\/r\/162750\"><img loading=\"lazy\" class=\"alignnone size-medium wp-image-6222\" src=\"https:\/\/tribunadapraia.com.br\/wp-content\/uploads\/2023\/03\/3e77838985850fba33bf6d64e46a4306-2-300x117.png\" alt=\"\" width=\"300\" height=\"117\" srcset=\"https:\/\/tribunadapraia.com.br\/wp-content\/uploads\/2023\/03\/3e77838985850fba33bf6d64e46a4306-2-300x117.png 300w, https:\/\/tribunadapraia.com.br\/wp-content\/uploads\/2023\/03\/3e77838985850fba33bf6d64e46a4306-2-768x300.png 768w, https:\/\/tribunadapraia.com.br\/wp-content\/uploads\/2023\/03\/3e77838985850fba33bf6d64e46a4306-2.png 1015w\" sizes=\"(max-width: 300px) 100vw, 300px\" \/><\/a><\/p>\n<p>\u2606 E a qualquer momento, boletins de not\u00edcias, colunas tem\u00e1ticas e podcast&#8217;s<\/p>\n<blockquote class=\"wp-embedded-content\" data-secret=\"n2Z38blN4R\"><p><a href=\"https:\/\/tribunadapraia.com.br\/?page_id=303\">Edi\u00e7\u00e3o digital<\/a><\/p><\/blockquote>\n<p><iframe class=\"wp-embedded-content\" sandbox=\"allow-scripts\" security=\"restricted\" style=\"position: absolute; clip: rect(1px, 1px, 1px, 1px);\" title=\"&#8220;Edi\u00e7\u00e3o digital&#8221; &#8212; TRIBUNA DA PRAIA\" src=\"https:\/\/tribunadapraia.com.br\/?page_id=303&#038;embed=true#?secret=n2Z38blN4R\" data-secret=\"n2Z38blN4R\" width=\"600\" height=\"338\" frameborder=\"0\" marginwidth=\"0\" marginheight=\"0\" scrolling=\"no\"><\/iframe><\/p>\n","protected":false},"excerpt":{"rendered":"<p>Confira a Programa\u00e7\u00e3o Semanal aqui na web r\u00e1dio TRIBUNA DA PRAIA h\u00e1 40 wnos uma trincheira em defesa da sociedade.Para ouvir Ckique AQUI ou no PLAY do rodap\u00e9: DONINGO 00;00 &#8211; Fim de Semana 07:00 &#8211; Show das Praias 09:00 &#8211; R\u00c1DIO PORTON, com Carlos Pronzato 10:00 &#8211; R\u00e1dio Novela 12:00 &#8211; Cantos &amp; Cantorias 14:00 &#8211; Ax\u00e9, etc e tal 17:00 &#8211; Papo de Musica 19:00 &#8211; Reggae\/SE 20:00<\/p>\n","protected":false},"author":1,"featured_media":6333,"parent":0,"menu_order":0,"comment_status":"closed","ping_status":"closed","template":"","meta":[],"yoast_head":"<!-- This site is optimized with the Yoast SEO plugin v16.3 - https:\/\/yoast.com\/wordpress\/plugins\/seo\/ -->\n<title>Programa\u00e7\u00e3o - TRIBUNA DA PRAIA<\/title>\n<meta name=\"robots\" content=\"index, follow, max-snippet:-1, max-image-preview:large, max-video-preview:-1\" \/>\n<link rel=\"canonical\" href=\"https:\/\/tribunadapraia.com.br\/?page_id=2032\" \/>\n<meta property=\"og:locale\" content=\"pt_BR\" \/>\n<meta property=\"og:type\" content=\"article\" \/>\n<meta property=\"og:title\" content=\"Programa\u00e7\u00e3o - TRIBUNA DA PRAIA\" \/>\n<meta property=\"og:description\" content=\"Confira a Programa\u00e7\u00e3o Semanal aqui na web r\u00e1dio TRIBUNA DA PRAIA h\u00e1 40 wnos uma trincheira em defesa da sociedade.Para ouvir Ckique AQUI ou no PLAY do rodap\u00e9: DONINGO 00;00 &#8211; Fim de Semana 07:00 &#8211; Show das Praias 09:00 &#8211; R\u00c1DIO PORTON, com Carlos Pronzato 10:00 &#8211; R\u00e1dio Novela 12:00 &#8211; Cantos &amp; Cantorias 14:00 &#8211; Ax\u00e9, etc e tal 17:00 &#8211; Papo de Musica 19:00 &#8211; Reggae\/SE 20:00\" \/>\n<meta property=\"og:url\" content=\"https:\/\/tribunadapraia.com.br\/?page_id=2032\" \/>\n<meta property=\"og:site_name\" content=\"TRIBUNA DA PRAIA\" \/>\n<meta property=\"article:publisher\" content=\"https:\/\/www.facebook.com\/tribunadapraiaonline\/\" \/>\n<meta property=\"article:modified_time\" content=\"2023-03-26T02:43:24+00:00\" \/>\n<meta property=\"og:image\" content=\"https:\/\/tribunadapraia.com.br\/wp-content\/uploads\/2023\/03\/IMG-20230325-WA0123.jpg\" \/>\n\t<meta property=\"og:image:width\" content=\"1080\" \/>\n\t<meta property=\"og:image:height\" content=\"661\" \/>\n<meta name=\"twitter:card\" content=\"summary_large_image\" \/>\n<meta name=\"twitter:site\" content=\"@Claudomir21\" \/>\n<meta name=\"twitter:label1\" content=\"Est. tempo de leitura\">\n\t<meta name=\"twitter:data1\" content=\"3 minutos\">\n<script type=\"application\/ld+json\" class=\"yoast-schema-graph\">{\"@context\":\"https:\/\/schema.org\",\"@graph\":[{\"@type\":\"Organization\",\"@id\":\"https:\/\/tribunadapraia.com.br\/#organization\",\"name\":\"Tribuna da Praia\",\"url\":\"https:\/\/tribunadapraia.com.br\/\",\"sameAs\":[\"https:\/\/www.facebook.com\/tribunadapraiaonline\/\",\"https:\/\/www.instagram.com\/claudomirtavares\/\",\"https:\/\/www.youtube.com\/channel\/UCwQf80nxiMzCefAyjbp53Rw\",\"https:\/\/twitter.com\/Claudomir21\"],\"logo\":{\"@type\":\"ImageObject\",\"@id\":\"https:\/\/tribunadapraia.com.br\/#logo\",\"inLanguage\":\"pt-BR\",\"url\":\"https:\/\/tribunadapraia.com.br\/wp-content\/uploads\/2020\/02\/logo.png\",\"contentUrl\":\"https:\/\/tribunadapraia.com.br\/wp-content\/uploads\/2020\/02\/logo.png\",\"width\":501,\"height\":121,\"caption\":\"Tribuna da Praia\"},\"image\":{\"@id\":\"https:\/\/tribunadapraia.com.br\/#logo\"}},{\"@type\":\"WebSite\",\"@id\":\"https:\/\/tribunadapraia.com.br\/#website\",\"url\":\"https:\/\/tribunadapraia.com.br\/\",\"name\":\"TRIBUNA DA PRAIA\",\"description\":\"O 1\\u00ba jornal do interior de Sergipe na internet\",\"publisher\":{\"@id\":\"https:\/\/tribunadapraia.com.br\/#organization\"},\"potentialAction\":[{\"@type\":\"SearchAction\",\"target\":\"https:\/\/tribunadapraia.com.br\/?s={search_term_string}\",\"query-input\":\"required name=search_term_string\"}],\"inLanguage\":\"pt-BR\"},{\"@type\":\"ImageObject\",\"@id\":\"https:\/\/tribunadapraia.com.br\/?page_id=2032#primaryimage\",\"inLanguage\":\"pt-BR\",\"url\":\"https:\/\/tribunadapraia.com.br\/wp-content\/uploads\/2023\/03\/IMG-20230325-WA0123.jpg\",\"contentUrl\":\"https:\/\/tribunadapraia.com.br\/wp-content\/uploads\/2023\/03\/IMG-20230325-WA0123.jpg\",\"width\":1080,\"height\":661},{\"@type\":\"WebPage\",\"@id\":\"https:\/\/tribunadapraia.com.br\/?page_id=2032#webpage\",\"url\":\"https:\/\/tribunadapraia.com.br\/?page_id=2032\",\"name\":\"Programa\\u00e7\\u00e3o - TRIBUNA DA PRAIA\",\"isPartOf\":{\"@id\":\"https:\/\/tribunadapraia.com.br\/#website\"},\"primaryImageOfPage\":{\"@id\":\"https:\/\/tribunadapraia.com.br\/?page_id=2032#primaryimage\"},\"datePublished\":\"2023-03-26T03:01:09+00:00\",\"dateModified\":\"2023-03-26T02:43:24+00:00\",\"breadcrumb\":{\"@id\":\"https:\/\/tribunadapraia.com.br\/?page_id=2032#breadcrumb\"},\"inLanguage\":\"pt-BR\",\"potentialAction\":[{\"@type\":\"ReadAction\",\"target\":[\"https:\/\/tribunadapraia.com.br\/?page_id=2032\"]}]},{\"@type\":\"BreadcrumbList\",\"@id\":\"https:\/\/tribunadapraia.com.br\/?page_id=2032#breadcrumb\",\"itemListElement\":[{\"@type\":\"ListItem\",\"position\":1,\"item\":{\"@type\":\"WebPage\",\"@id\":\"https:\/\/tribunadapraia.com.br\/\",\"url\":\"https:\/\/tribunadapraia.com.br\/\",\"name\":\"In\\u00edcio\"}},{\"@type\":\"ListItem\",\"position\":2,\"item\":{\"@id\":\"https:\/\/tribunadapraia.com.br\/?page_id=2032#webpage\"}}]}]}<\/script>\n<!-- \/ Yoast SEO plugin. -->","wps_subtitle":"O peso de um microfone com a trajet\u00f3ria de 40 anos","_links":{"self":[{"href":"https:\/\/tribunadapraia.com.br\/index.php?rest_route=\/wp\/v2\/pages\/2032"}],"collection":[{"href":"https:\/\/tribunadapraia.com.br\/index.php?rest_route=\/wp\/v2\/pages"}],"about":[{"href":"https:\/\/tribunadapraia.com.br\/index.php?rest_route=\/wp\/v2\/types\/page"}],"author":[{"embeddable":true,"href":"https:\/\/tribunadapraia.com.br\/index.php?rest_route=\/wp\/v2\/users\/1"}],"replies":[{"embeddable":true,"href":"https:\/\/tribunadapraia.com.br\/index.php?rest_route=%2Fwp%2Fv2%2Fcomments&post=2032"}],"version-history":[{"count":15,"href":"https:\/\/tribunadapraia.com.br\/index.php?rest_route=\/wp\/v2\/pages\/2032\/revisions"}],"predecessor-version":[{"id":6336,"href":"https:\/\/tribunadapraia.com.br\/index.php?rest_route=\/wp\/v2\/pages\/2032\/revisions\/6336"}],"wp:featuredmedia":[{"embeddable":true,"href":"https:\/\/tribunadapraia.com.br\/index.php?rest_route=\/wp\/v2\/media\/6333"}],"wp:attachment":[{"href":"https:\/\/tribunadapraia.com.br\/index.php?rest_route=%2Fwp%2Fv2%2Fmedia&parent=2032"}],"curies":[{"name":"wp","href":"https:\/\/api.w.org\/{rel}","templated":true}]}}